
What is the highest common factor of 226196 and 579?
193
What is the highest common factor of 26011 and 4465?
19
Calculate the greatest common factor of 8192 and 6976.
64
What is the greatest common factor of 1438741 and 31?
31
What is the greatest common divisor of 435 and 4685385?
435
What is the greatest common divisor of 705280 and 100?
20
What is the highest common factor of 4261 and 1?
1
What is the greatest common factor of 2067 and 248729?
689
What is the highest common factor of 535 and 284727?
107
Calculate the greatest common factor of 45 and 101295.
45
What is the highest common factor of 30186 and 61776?
702
What is the greatest common factor of 155402 and 688?
86
What is the greatest common factor of 740268 and 288?
36
Calculate the greatest common divisor of 30004 and 2885.
577
Calculate the highest common divisor of 16348 and 6832.
244
Calculate the greatest common divisor of 20 and 13820.
20
Calculate the highest common divisor of 176 and 10864.
16
What is the greatest common factor of 1896 and 85478?
158
Calculate the highest common factor of 10 and 1103310.
10
Calculate the highest common factor of 96 and 635952.
48
Calculate the greatest common divisor of 1200 and 18225.
75
Calculate the highest common divisor of 28328 and 248.
8
What is the highest common divisor of 42 and 3262791?
21
What is the highest common divisor of 5661269 and 193?
193
What is the highest common divisor of 96 and 31152?
48
What is the greatest common factor of 4327 and 1?
1
What is the greatest common factor of 649 and 5251?
59
What is the greatest common divisor of 160030 and 1560?
130
Calculate the greatest common divisor of 302356 and 2810.
562
Calculate the greatest common divisor of 1620 and 35940.
60
What is the greatest common factor of 87008 and 160?
32
What is the highest common divisor of 49581 and 819?
63
Calculate the greatest common divisor of 110 and 14883.
11
What is the highest common divisor of 209152 and 19?
19
What is the highest common factor of 244926 and 42?
6
Calculate the greatest common factor of 80 and 177880.
40
Calculate the greatest common factor of 168 and 462378.
42
Calculate the greatest common factor of 4305 and 1050.
105
Calculate the highest common divisor of 4160 and 1022840.
520
What is the greatest common divisor of 1971 and 1168?
73
Calculate the greatest common divisor of 1580 and 8532.
316
What is the greatest common factor of 9 and 11628?
9
Calculate the highest common divisor of 49592 and 1224.
8
What is the highest common factor of 230820 and 6?
6
Calculate the highest common divisor of 124449 and 39.
39
What is the greatest common divisor of 43519 and 49?
7
Calculate the highest common factor of 4361 and 1666.
49
What is the highest common factor of 563343 and 15609?
1419
What is the highest common factor of 16 and 129296?
16
What is the greatest common factor of 113528 and 2024?
184
What is the highest common divisor of 294 and 1974?
42
What is the greatest common factor of 591 and 4319619?
591
Calculate the greatest common divisor of 8295 and 2247.
21
Calculate the highest common divisor of 608 and 6304.
32
What is the highest common factor of 95 and 52326?
19
Calculate the greatest common divisor of 120632 and 136.
136
Calculate the highest common factor of 42818 and 20054.
542
Calculate the greatest common factor of 368 and 14192.
16
Calculate the greatest common divisor of 344498 and 154.
154
What is the highest common divisor of 32 and 12012592?
16
Calculate the highest common factor of 14953 and 19.
19
Calculate the highest common factor of 2031662 and 1172.
586
Calculate the greatest common divisor of 23872 and 5568.
64
Calculate the greatest common factor of 1405 and 198386.
281
Calculate the highest common divisor of 46492 and 177.
59
What is the greatest common divisor of 238 and 104414?
34
What is the highest common factor of 1935 and 40205?
215
What is the highest common factor of 45 and 603?
9
Calculate the greatest common factor of 651 and 16149.
21
What is the highest common divisor of 42 and 4197?
3
What is the greatest common divisor of 1504 and 72944?
752
Calculate the highest common divisor of 13747 and 4427.
233
What is the greatest common divisor of 6844103 and 2674?
1337
Calculate the greatest common divisor of 108 and 70956.
108
What is the highest common divisor of 556 and 46287?
139
Calculate the highest common divisor of 1653386 and 14.
14
Calculate the highest common divisor of 73 and 104609.
73
Calculate the highest common factor of 506 and 5346.
22
Calculate the greatest common factor of 1474 and 288234.
134
Calculate the greatest common factor of 18706094 and 517.
517
Calculate the highest common factor of 26440 and 3320.
40
What is the greatest common factor of 9 and 11151?
9
Calculate the greatest common factor of 193049 and 71.
71
Calculate the highest common divisor of 9911 and 170.
17
Calculate the highest common factor of 1352 and 752.
8
Calculate the greatest common factor of 8540 and 3158580.
1220
Calculate the greatest common divisor of 45 and 1764375.
15
Calculate the highest common divisor of 147 and 1521.
3
Calculate the highest common divisor of 16378 and 231878.
862
What is the greatest common divisor of 951 and 123313?
317
Calculate the highest common divisor of 21698 and 14326.
38
Calculate the highest common divisor of 1766575 and 25.
25
What is the highest common divisor of 387064 and 56?
8
What is the greatest common divisor of 93 and 16647?
93
Calculate the highest common divisor of 7 and 62720.
7
What is the highest common factor of 54 and 288?
18
What is the greatest common divisor of 13065 and 3685?
335
What is the greatest common divisor of 9291 and 2771?
163
Calculate the highest common factor of 48 and 294156.
12
Calculate the highest common factor of 6300 and 2940.
420
Calculate the greatest common factor of 160 and 70624.
32
What is the highest common factor of 1059 and 2918251?
353
What is the highest common factor of 1472 and 345?
23
Calculate the highest common factor of 6860182 and 203.
203
What is the greatest common divisor of 77042 and 4?
2
Calculate the greatest common divisor of 48 and 13500.
12
What is the greatest common divisor of 152 and 2965159?
19
What is the greatest common divisor of 7810 and 528?
22
Calculate the highest common factor of 144 and 47628.
36
Calculate the greatest common divisor of 94 and 2020154.
94
What is the highest common factor of 384 and 72960?
384
What is the highest common factor of 390 and 1104870?
390
What is the highest common divisor of 360 and 14090?
10
What is the greatest common divisor of 333 and 6768?
9
Calculate the highest common divisor of 464 and 40.
8
What is the greatest common divisor of 56661 and 3927?
561
What is the highest common divisor of 100016 and 9728?
304
Calculate the highest common factor of 291818 and 212.
106
What is the greatest common factor of 45321 and 60?
3
Calculate the highest common factor of 567 and 1404.
27
Calculate the greatest common divisor of 28891 and 3173.
167
What is the highest common divisor of 1841 and 32875?
263
What is the highest common divisor of 70829 and 2068?
517
Calculate the greatest common divisor of 612 and 49536.
36
What is the highest common divisor of 1478338 and 2?
2
What is the highest common factor of 3627 and 79248?
39
What is the highest common divisor of 1127425 and 100?
25
What is the greatest common factor of 10257158 and 751?
751
Calculate the greatest common divisor of 29890 and 294.
98
What is the highest common factor of 6838 and 20098?
26
Calculate the highest common factor of 200 and 181700.
100
What is the highest common factor of 1504704 and 24?
24
What is the greatest common factor of 140 and 480?
20
What is the highest common divisor of 200 and 10540?
20
What is the greatest common factor of 57620 and 40?
20
Calculate the highest common divisor of 129751 and 38.
19
Calculate the highest common divisor of 1148215 and 5.
5
What is the highest common divisor of 1937 and 39?
13
Calculate the greatest common divisor of 17340 and 39240.
60
What is the highest common divisor of 755 and 365?
5
Calculate the greatest common divisor of 36501 and 4347.
69
What is the greatest common divisor of 18075 and 37596?
723
What is the grea